 of w(v).
3, 11, 29
Suppose 5*q - z + 221 = 0, 0*z = q + z + 49. List the prime factors of (-1278)/q*20/2.
2, 71
Let z be 20358/(-12)*24/(-18). Let r = z - 1323. What are the prime factors of r?
3, 313
Let p = 0 - -2. Suppose -38 + 8 = -5*i, -5*k + i = -19. Suppose -k*t = -p*f - 1045, -5*f - 439 = -8*t + 6*t. List the prime factors of t.
3, 23
Let h = 66 + -73. Let d be (3 + 54/(-14))/(2/h). List the prime factors of 14/d + -4 + 566/6.
5, 19
Let u(s) = s**2 + 15*s + 23950. What are the prime factors of u(0)?
2, 5, 479
Suppose q - 2*q - 350 = -5*a, -3*q + 330 = 5*a. Suppose -x + 943 = -3*v + a, -2*x + 1775 = 3*v. What are the prime factors of x?
883
List the prime factors of (-52156)/177*279/(-6).
2, 13, 17, 31
Let f be (-31)/(-2) - 10/20. Suppose -3*x + 29 = 2*s - f, -4 = -x + 2*s. List the prime factors of 2/1 + 27 + (x - 15).
2, 13
What are the prime factors of (120/18)/(4/7704)*52/39?
2, 5, 107
Suppose -14 = 4*v - 2, 4*y - 7499 = v. Let x = -881 + y. What are the prime factors of x?
3, 331
Let j(r) = -116*r - 260. Let g be j(-7). Suppose x = 3*f + g, -2*f - 1051 - 605 = -3*x. List the prime factors of x.
2, 3, 23
Let n = 11745 + -972. List the prime factors of n.
3, 7, 19
List the prime factors of (-25484000)/(-2600) + (-6)/(-13).
2, 13, 29
Let j(r) = -r**2 - 22*r + 107. Let v be j(-26). Suppose -3*x - 2495 = -4*u + 272, -3*u + 2073 = -v*x. List the prime factors of u.
2, 347
Suppose i - 4*a + 11742 - 32996 = 0, 0 = i + 3*a - 21254. List the prime factors of i.
2, 10627
What are the prime factors of -3*6626/12*(52 - 74)?
11, 3313
What are the prime factors of 23880 - (32 - 13) - 3?
2, 79, 151
Suppose -w - 291 = -a - 3*w, 0 = 3*a + 5*w - 874. Let c = 20 - 18. Suppose a - 809 = -c*v. List the prime factors of v.
2, 3, 43
Suppose -15*q - 3*q + 291532 + 31154 = 0. What are the prime factors of q?
7, 13, 197
Let x = 160 + -228. Let j = 217 + -94. Let i = j + x. What are the prime factors of i?
5, 11
Suppose -116 + 207 = 7*f. Suppose 9392 = f*m + 1423. List the prime factors of m.
613
Let f(d) be the first derivative of 1/3*d**3 - 7 + 27*d - 9/2*d**2. What are the prime factors of f(11)?
7
Suppose 0 = -t + b + 45, 2*t - 68 = -3*b + 42. Suppose -36*g + 43*g - t = 0. Suppose 3*r + g*r = 940. List the prime factors of r.
2, 47
Let n be 3 + 3 - (4 - 140). Let z = 0 - -4. Suppose 90 = z*y - n. List the prime factors of y.
2, 29
Let g(m) = 394*m - 883. What are the prime factors of g(12)?
5, 769
List the prime factors of (200/32 + -6)/(87141/(-43572) + 2).
3631
Suppose -83*f + 122*f = 171015. What are the prime factors of f?
5, 877
Let i(q) = 22*q**2 + q - 11. Let v be -1*(-12)/(0 - 3 - -1). List the prime factors of i(v).
5, 31
Let i be 66/385*21*575/10. Let z be 2*-1*(43 + -2). Let q = z + i. What are the prime factors of q?
5
Let y = 43610 - 30672. List the prime factors of y.
2, 6469
Let n = -274 - -384. Let z = 304 - 105. Let g = z - n. What are the prime factors of g?
89
Suppose -2*t = -g - 10, 0 = 4*g + g. Let y = -68 - -73. Suppose -j - 318 = -4*j + y*p, t*j = 4*p + 517. List the prime factors of j.
101
Suppose 3*z = 0, 13*c - 1134 = 16*c - 5*z. Let n = c - -790. List the prime factors of n.
2, 103
Let k be 20/15*(-9)/(-2). Let v be k*(-2 - (-12)/8). What are the prime factors of v/(-2)*1148/21?
2, 41
Let s(b) = -14*b + 26. Suppose 0 = 10*r + 12 - 52. Suppose 4*v + 37 = -5*i, i + r = -2*v - 1. What are the prime factors of s(i)?
2, 19
Suppose 59 - 71 = 4*t. List the prime factors of (-4)/(-1) - (357/t - 3).
2, 3, 7
Suppose -2*i + 8*u = 10*u - 103876, i - 4*u - 51893 = 0. What are the prime factors of i?
51929
Let t be (-7)/(-21) - 2144/(-12). Suppose 0 = 178*c - t*c + 699. List the prime factors of c.
3, 233
Let j(r) = 2*r**2 + 16*r + 27. Let v be j(-6). Let k(i) = i**3 - 4*i + 45 + 43 - 91 + v*i**2. List the prime factors of k(4).
3, 31
Let n = 11 + -12. Let g be -1 + 4 + 0 + n. Suppose g*y - 91 = 57. What are the prime factors of y?
2, 37
Suppose -227*u = -229*u + 16180. List the prime factors of u.
2, 5, 809
Suppose 4*o - 1364 = -4*u, u + 4*o - 8*o = 331. Suppose -6*c + u = -3*c. Suppose -k - 280 = -3*m, m + 5*k = c + 7. What are the prime factors of m?
5, 19
Let x = -238 - -17. Let y be x + 1 - (-13 + 15). Let p = y - -369. What are the prime factors of p?
3, 7
Let v(t) = -20*t - 1 + 9*t + 7*t**2 - 3 + 6*t. Let o(x) = x**2 + 22*x + 4. Let f be o(-22). List the prime factors of v(f).
2, 11
Suppose -42374 + 138374 = 15*o. What are the prime factors of o?
2, 5
Let n = 6874 + 6181. Suppose 22*c + 2209 = n. What are the prime factors of c?
17, 29
Let j = -20907 + 53365. List the prime factors of j.
2, 16229
Let x be 2635 + (3 - 5) + 7. Let c be (x/(-26))/10 + (-4)/(-26). List the prime factors of -2*(-5)/c*-97.
97
Suppose -5*v + a - 19534 + 124954 = 0, 5*a + 21084 = v. What are the prime factors of v?
2, 3, 7, 251
Let x(m) = -2*m**2 - 3*m + 3. Let z be x(1). Let a be (-1 - z)/(-3) + 77/33. What are the prime factors of (0 - (-172)/12)/(a/6)?
43
Let q(f) = -158*f - 25. Let t be q(-3). Let n = 920 - t. What are the prime factors of n?
3, 157
Let z(j) = 8 + 8 + 7 - 8*j - 14. List the prime factors of z(-17).
5, 29
What are the prime factors of (-396712)/(-44) - 8*(-2)/(-88)?
2, 7, 23
Let y = 7782 + -2941. Suppose -4*d + x + 1577 = -2306, -5*d - 3*x + y = 0. List the prime factors of d.
2, 5, 97
Suppose -5*l + 2*t + 30 = 0, -t - 6 + 1 = 0. Suppose -l - 6 = -4*x + 2*m, 5*x - 2*m - 14 = 0. Suppose x*f + 84 = 10*f. What are the prime factors of f?
2, 7
Let u be (70/6)/((-9)/270) + -1. Let f = u - -518. List the prime factors of f.
167
Suppose -4*c = -5*x - 127, -4*c = -2*x + x - 131. List the prime factors of 3 - (-126)/c - 6/(-33).
7
Let x(g) = -832*g + 2. Let c be x(-4). Suppose 105*r + c = 114*r. What are the prime factors of r?
2, 5, 37
Suppose 190*q - 221*q + 29853 = 0. List the prime factors of q.
3, 107
Let a(q) = 13191*q - 2208. What are the prime factors of a(1)?
3, 7, 523
Let c(p) = 18*p**2 + p - 2. Let d(g) = 17*g - 72. Let b(j) = -4*j + 18. Let u(k) = -26*b(k) - 6*d(k). Let h be u(17). What are the prime factors of c(h)?
2, 17
Suppose 5*b + 4*c = 26, 1 + 3 = b + 2*c. Let j be (-8)/(-5) + b/15. What are the prime factors of (((-216)/32)/(3/(-8)))/j?
3
Let l(y) = 11*y**2 + 8*y + 3. Let v(b) = b**2 + b - 1. Let s(a) = l(a) - 6*v(a). Let i be s(-9). Suppose -4*x + i = 128. List the prime factors of x.
67
What are the prime factors of (6/(-4))/((1 + 0)/(370784/(-48)))?
11587
Let c(v) = -v**2 + 10*v - 8. Let y be c(10). Let d be (-14)/y + (-3)/4. List the prime factors of ((-4)/6 + d)/(11/66).
2
Let v be (-336)/(-72) + (-4)/(-3). Suppose 9*k - v*k + 4311 = 3*h, 3*h + 5*k = 4279. List the prime factors of h.
1433
Suppose 2*t = -4*p + 34068, 0*p - 3*p = -t + 17039. What are the prime factors of t?
2, 4259
Let o be (-12)/(-14)*28/8. Suppose -l - 51 = 3*q, -o*l - 151 = 4*q - 8. List the prime factors of (-3635)/l + 2/9.
3
Suppose 37491 = 3*j + 5*g, -17*j + 3*g = -12*j - 62553. List the prime factors of j.
3, 11, 379
Suppose -2*d = 5*c - 896, 0 = 5*c + 3*d - 4*d - 887. Suppose -3*h - 2*h = 10, -h = -4*m + c. List the prime factors of m.
2, 11
Suppose 3*h = -4 - 185. Let o be h/(-28) + (-1)/4. Suppose -2 = -5*j - 2*v, 4 = -j - v + o. List the prime factors of j.
2
Suppose 4*n + 27 + 21 = 0. Let u = -6 - n. List the prime factors of ((-3)/u*-4)/((-6)/(-39)).
13
Suppose -2*r = -5*c, -5*r + 0*c = -2*c - 21. Suppose q + 3*b = 1403, r*q - 4201 = 2*q - b. List the prime factors of q.
2, 5, 7
What are the prime factors of 7*(-7)/49*-43705?
5, 8741
Let d(n) be the third derivative of 1/30*n**5 - 1/3*n**3 - 6/5*n**6 + 0 - 1/24*n**4 + 0*n + n**2. List the prime factors of d(-1).
5, 29
Let z(c) = 62*c**2 - 72*c + 220. List the prime factors of z(21).
2, 5, 521
Suppose 24*d = 140557 - 627 + 181814. List the prime factors of d.
2, 6703
Suppose 0 = -0*w + 7*w - 49. Suppose 0 = w*t - 1255 - 1034. Suppose -2*g + 5*g - t = 0. What are the prime factors of g?
109
List the prime factors of (60/24)/(5/9946).
4973
Let q(v) = 88*v + 118. Let t be q(7). Suppose -3*r + t = -5*m, -4*r - 2*m + 566 = -430. List the prime factors of r.
2, 31
Suppose 56*v + 30*v - 98283 - 237117 = 0. List the prime factors of v.
2, 3, 5, 13
Let o(w) = -506*w**3 + 2*w**2. Let m be o(1). Let c 